).
-48
Let z(y) = -y**2 + 32*y - 28. Give z(33).
-61
Let r(d) = -d**2 - 104*d - 302. Determine r(-3).
1
Let f(p) = -13*p**3 + 3*p**2 - 5*p + 4. What is f(1)?
-11
Let j(v) = v**3 - v + 11. Calculate j(4).
71
Let l(g) = -g**3 + 14*g**2 - 12*g - 15. Give l(13).
-2
Let d(s) = -s**2 - 9*s - 7. What is d(-7)?
7
Let j(o) = -o**3 + 3*o**2 - o + 39. Calculate j(4).
19
Let o(r) = r**2 - 16*r + 49. Determine o(13).
10
Let u(m) = -m**2 - 6*m + 17. Calculate u(-5).
22
Let f(g) = 109*g - 327. Calculate f(3).
0
Let w(y) = -31*y**3. Determine w(1).
-31
Let l(x) = -42*x - 38. Determine l(-1).
4
Let q(f) = -2*f**3 + 2*f**2 + 2*f - 5. Give q(-3).
61
Let m(c) = c**3 + 3*c**2 - 3*c + 4. Calculate m(-3).
13
Let j(b) = -11*b + 169. Determine j(16).
-7
Let q(b) = 3*b**2 + 139*b + 54. Calculate q(-46).
8
Let m(l) = -3*l**2 - 22*l - 8. What is m(-7)?
-1
Let w(m) = 12*m + 136. Give w(-11).
4
Let d(h) = -h**2 - 2*h - 3. Give d(-1).
-2
Let s(q) = 488*q - 1467. What is s(3)?
-3
Let p(b) = -b**2 - 5*b + 220. Determine p(-17).
16
Let f(c) = -c**3 + 5*c**2 + 4*c + 10. What is f(6)?
-2
Let s(y) = 4*y**2 + 48*y + 28. What is s(-11)?
-16
Let k(v) = 3*v**3 + 2*v**2 - 1. What is k(-1)?
-2
Let j(c) = -3*c**2 + 4*c - 2. Calculate j(3).
-17
Let b(j) = -j**2 + j + 19. Determine b(0).
19
Let n(y) = y**3 - y**2 - y - 52. Give n(0).
-52
Let b(r) = -r**3 - 7*r**2 + 46*r + 21. Determine b(-11).
-1
Let i(o) = 4*o + 21. What is i(-6)?
-3
Let v(q) = -2*q**3 - 4*q**2 - 13*q - 43. Determine v(-3).
14
Let s(l) = -3*l**2 - 8*l + 84. What is s(4)?
4
Let u(g) = 43*g**2 - 3*g - 2. What is u(-1)?
44
Let u(f) = -f**3 + 5*f**2 + 51*f - 248. Determine u(5).
7
Let o(v) = -3*v - 90. What is o(-30)?
0
Let l(m) = m**3 + 20*m**2 - 20*m + 29. Give l(-21).
8
Let i(n) = -n**3 - 8*n**2 - 6*n + 7. Give i(-7).
0
Let z(j) = j - 7. Calculate z(-11).
-18
Let b(v) = 2*v**2 + 11*v + 33. What is b(-9)?
96
Let y(n) = -n**2 - 7*n - 5. What is y(-4)?
7
Let a(z) = z - 36. What is a(13)?
-23
Let a(u) = 3*u - 36. Calculate a(7).
-15
Let u(y) = -2*y**2 - 4*y + 1. What is u(-3)?
-5
Let u(p) = p**2 + 9*p + 17. Give u(-11).
39
Let r(c) = -c**2 + 18*c + 49. Determine r(21).
-14
Let o(y) = -9*y - 7. Calculate o(0).
-7
Let c(z) = -2*z**2 - 13*z - 24. Calculate c(-5).
-9
Let h(q) = q**2 - 13*q + 7. Give h(12).
-5
Let i(n) = n**3 + 4*n**2 - 4*n. What is i(-5)?
-5
Let t(v) = -6*v + 10. What is t(-6)?
46
Let x(i) = i**3 - 8*i**2 + 3*i + 5. What is x(4)?
-47
Let b(c) = 22*c - 364. Calculate b(17).
10
Let d(k) = 6*k + 5. Determine d(3).
23
Let s(i) = -i**2 + 14*i + 9. Determine s(15).
-6
Let n(x) = -x**3 - 7*x**2 + 6*x - 5. Give n(-8).
11
Let v(y) = -5*y. Give v(-3).
15
Let p(z) = -z**3 + 15*z**2 - 24*z - 28. Calculate p(13).
-2
Let w(x) = -x**2 + 8*x - 18. Give w(5).
-3
Let n(t) = t**3 + 15*t**2 + 16*t + 16. What is n(-14)?
-12
Let a(h) = -h**3 + 10*h**2 - 19*h + 17. Give a(8).
-7
Let r(q) = 5*q - 15. Determine r(5).
10
Let r(p) = -2*p + 7. What is r(7)?
-7
Let o(w) = w**2 - 3*w - 2. What is o(-7)?
68
Let v(b) = b**2 + 7*b - 24. Determine v(-10).
6
Let q(d) = -10*d**2 + 51*d - 6. Determine q(5).
-1
Let d(c) = -c**3 + 3*c**2 - 4*c + 14. Determine d(3).
2
Let c(g) = g**3 + g + 1. Calculate c(-2).
-9
Let u(l) = -31*l - 174. Determine u(-7).
43
Let l(s) = s**2 - 15*s + 23. Give l(13).
-3
Let v(p) = -p. Give v(-11).
11
Let t(h) = -2*h - 18. Give t(-5).
-8
Let p(m) = 23*m. Calculate p(1).
23
Let p(m) = 10*m**2 + 2*m - 1. Calculate p(1).
11
Let p(k) = -k**2 + 5*k - 4. Determine p(2).
2
Let w(c) = c**3 + 15*c - 58. What is w(3)?
14
Let b(z) = 14*z + 63. What is b(-4)?
7
Let f(p) = -7*p + 117. Determine f(18).
-9
Let r(n) = -n**3 - 11*n**2 + 2*n + 15. Calculate r(-11).
-7
Let w(r) = -r**2 - 18*r - 48. Calculate w(-14).
8
Let j(x) = x**3 - 7*x**2 - 4*x - 16. Give j(7).
-44
Let d(o) = -o**3 - 9*o**2 - 8*o + 12. What is d(-7)?
-30
Let l(u) = u - 9. Give l(11).
2
Let f(i) = 3*i - 2. What is f(5)?
13
Let x(c) = 9*c - 47. Determine x(6).
7
Let p(y) = 5*y + 4. What is p(6)?
34
Let j(t) = t**2 + 3*t + 1. What is j(-7)?
29
Let l(u) = -2*u - 2. Give l(3).
-8
Let p(r) = r - 2. What is p(3)?
1
Let d(j) = -j**3 + 8*j**2 - 11*j - 4. Calculate d(6).
2
Let c(u) = u**3 + 5*u**2 - 4. What is c(-6)?
-40
Let p(o) = o**3 + 3*o**2 - 6. What is p(-3)?
-6
Let w(j) = j**3 + j - 37. Calculate w(0).
-37
Let x(v) = 3*v + 40. Calculate x(-14).
-2
Let z(u) = -3*u**3 + 10*u**2 - 3*u - 2. Give z(4).
-46
Let i(x) = 9*x - 17. Give i(9).
64
Let x(h) = -h - 11. Give x(-4).
-7
Let k(o) = o**2 + o + 17. Give k(0).
17
Let p(i) = 3*i**2 + 5*i - 5. Give p(-2).
-3
Let s(p) = p - 26. Determine s(-7).
-33
Let j(h) = 24*h + 1. Determine j(1).
25
Let u(s) = s**3 + 17*s**2 - 39*s - 19. Calculate u(-19).
0
Let z(c) = -c**2 + 8*c - 10. Give z(7).
-3
Let y(g) = 4*g - 4. Calculate y(5).
16
Let b(k) = -k - 11. Determine b(-8).
-3
Let n(k) = k**3 - 16*k**2 - 19*k + 15. Determine n(17).
-19
Let j(x) = -5*x + 86. Give j(13).
21
Let n(s) = -2*s**2 - 7*s - 8. Calculate n(-3).
-5
Let t(z) = -4*z - 6. Give t(-6).
18
Let z(g) = 11*g + 192. Give z(-18).
-6
Let x(g) = g**3 + 12*g**2 + 17*g + 1. Calculate x(-2).
7
Let t(u) = 3*u**3 - 3*u**2 - 4*u - 2. Calculate t(-1).
-4
Let l(v) = -51*v + 1. Give l(-1).
52
Let l(a) = -a**2 + 6*a + 12. Determine l(6).
12
Let g(o) = 3*o**3 - 2*o - 3. Give g(-2).
-23
Let o(m) = -m**2 - 10*m + 44. Determine o(-13).
5
Let d(t) = t**3 + 17*t**2 + 15*t - 8. Calculate d(-16).
8
Let a(p) = -p**3 + 50*p**2 + 4*p - 177. Determine a(50).
23
Let l(t) = -t**2 + 8*t - 24. What is l(8)?
-24
Let w(a) = a. Give w(5).
5
Let h(f) = f - 7. Give h(7).
0
Let k(y) = 2*y**3 + 4*y**2 - 5*y - 2. Give k(-4).
-46
Let m(h) = h - 9. Give m(12).
3
Let p(k) = -k**3 + 22*k**2 - 20*k - 5. Determine p(21).
16
Let s(v) = 19*v + 2. Give s(2).
40
Let d(c) = c**3 + 34*c**2 - c - 46. Give d(-34).
-12
Let s(a) = -a**2 + 11*a - 7. Determine s(10).
3
Let g(p) = -p**2 - 8*p - 9. Give g(-6).
3
Let t(k) = -2*k**2 + 23*k + 14. Give t(12).
2
Let i(m) = -m**2 - 7*m - 7. Give i(0).
-7
Let l(v) = 6*v + 1. Calculate l(8).
49
Let x(t) = -20*t - 349. Give x(-17).
-9
Let p(f) = -f + 4. Determine p(-9).
13
Let d(a) = 5*a + 39. What is d(6)?
69
Let h(s) = 77*s**2 - 2*s + 2. Give h(1).
77
Let c(w) = -w**3 - 4*w**2 + 4*w. Determine c(-4).
-16
Let y(j) = -j**3 + 10*j**2 - 20*j + 51. Calculate y(8).
19
Let v(g) = -3*g**3 - 3*g - 3. Calculate v(-2).
27
Let d(h) = 5*h + 16. What is d(-2)?
6
Let t(f) = f**2 - 13*f - 14. Give t(10).
-44
Let v(d) = -2*d**2 + 15*d - 13. What is v(11)?
-90
Let k(c) = -c**3 + 6*c**2 - 10*c + 19. Calculate k(5).
-6
Let r(d) = d**3 + d - 2. Give r(-2).
-12
Let w(y) = y**3 - 7*y**2 - 16*y - 11. Calculate w(9).
7
Let v(p) = 19*p**2 + 1. Calculate v(2).
77
Let g(s) = 2*s**2 + 27*s + 25. Calculate g(-13).
12
Let w(b) = -b**3 + 13*b**2 + 4*b + 2. Calculate w(13).
54
Let o(f) = f**2 - 88*f - 269. Give o(-3).
4
Let k(b) = 7*b**2 - 5*b - 11. What is k(5)?
139
Let r(d) = 5*d - 30. What is r(5)?
-5
Let x(r) = r + 12. What is x(-5)?
7
Let g(p) = p**3 + 20*p**2 + 8*p - 204. What is g(-19)?
5
Let v(w) = w**3 + w**2 + 2*w - 16. Determine v(0).
-16
Let r(i) = -i**3 - 7*i**2 + 5*i - 9. What is r(-7)?
-44
Let u(k) = k**2 - 9*k + 7. Give u(8).
-1
Let n(i) = i**3 + 18*i**2 - 18*i + 20. Calculate n(-19).
1
Let c(x) = x**2 + x - 7. Give c(3).
5
Let p(s) = -7*s + 5. Give p(-4).
33
Let k(v) = v + 37. Determine k(-11).
26
Let s(v) = 12*v - 31. What is s(3)?
5
Let r(t) = 2*t - 8. Give r(12).
16
Let y(k) = 42*k + 2. What is y(-1)?
-40
Let j(t) = t**3 - 6*t**2 - 9*t - 9. Give j(7).
-23
Let i(t) = -19*t + 14. What is i(1)?
-5
Let y(c) = c**2 - c + 1. Calculate y(-4).
21
Let c(o) = -o + 10. Give c(-12).
22
Let i(o) = -86*o + 512. Determine i(6).
-4
Let h(v) = 4*v**2 - 6*v + 6. What is h(4)?
46
Let y(j) = -j. Determine y(-14).
14
Let j(z) = 3*z + 6. What is j(-6)?
-12
Let u(j) = 83*j - 419. What is u(5)?
-4
Let h(k) = k**3 - 6*k**2 - 4*k - 3. Give h(7).
18
Let f(s) = -77*s + 4. Give f(-1).
81
Let x(r) = r**3 + 12*r**2 + 9*r - 15. Determine x(-11).
7
Let p(o) = o**2 + 14*o + 13. What is p(-9)?
-32
Let x(b) = 41*b - 639. What is x(16)?
17
Let m(d) = d - 18. Determine m(27).
9
Let t(s) = -2*s - 20. What is t(-7)?
-6
Let n(b) = -b**2 + 5*b + 3. Calculate n(8).
-21
Let h(v) = v**2 - 20*v + 89. What is h(13)?
-2
Let d(h) = -4*h**2 + 3*h + 4.